Calculate n(l).
7
Let k(h) = h**3 - 10*h**2 + 9*h + 1. Suppose 0 = 2*j - 1 - 67. Suppose -2*s + 2*m - 47 = -7*s, j = 4*s - 2*m. What is k(s)?
1
Let w = -31 + 33. Suppose -2*m - 2 = -4. Let g(b) = 3*b + 2*b + w*b - m - 3*b. Give g(2).
7
Let s(w) = 3*w**3 - 5*w - 9 - 2*w**3 - 7*w**2 + 0*w**2. Let v = 3862 + -3854. What is s(v)?
15
Suppose 5*d = 4 + 1. Let x be 2/(-4)*16/d. Let m be x/40 + 32/10. Let h(w) = -w**2 + 3*w + 3. Give h(m).
3
Let f(w) = -11*w + 1. Let u(c) = 9*c - 1. Let y = 102 - 97. Let r(o) = y*u(o) + 4*f(o). Calculate r(1).
0
Let n(m) = -m + 2*m**2 + 17*m**3 - 6*m**3 - 1 + 3 - 6*m**3 - 6*m**3. Let y = -2 - -4. Determine n(y).
0
Let r = -4253 - -4257. Let z(w) be the first derivative of -w**3/3 + 5*w**2/2 - 1. Calculate z(r).
4
Let l(q) be the second derivative of 0 - 1/20*q**5 + 2/3*q**3 - 7/2*q**2 + 4*q - 5/12*q**4. Calculate l(-6).
5
Let c(k) = -3*k. Let l(y) = 7*y - 9. Let h(i) = 2*c(i) + l(i). Calculate h(11).
2
Let j(y) = 3*y + 1. Let u = 17 - 19. Let m be (-9)/u + 3/(-6). Suppose -m*v - 2 - 2 = 0. Give j(v).
-2
Let t(s) = -s**3 + 3*s**2 - 2*s. Let h(p) = -p**3 - 10*p**2 - 19*p. Let w be h(-8). Suppose 3*o + 5*o = w. Give t(o).
-6
Suppose 45 - 45 = 66*h. Let c(x) be the third derivative of x**4/24 - x**3/3 - x**2. Give c(h).
-2
Let m(k) = 14 - 4 - 12*k + 81*k**3 - 80*k**3 - 10*k**2. Determine m(11).
-1
Let z(u) be the first derivative of u**2/2 + u - 16. Let w(a) = 7*a + 1. Let q(i) = w(i) - 5*z(i). Calculate q(6).
8
Let x = -38 + 41. Suppose z = 4*z - x. Let p(r) = -7*r + 1. What is p(z)?
-6
Let u(z) be the first derivative of -3*z**2/2 - 5*z + 3. Let d be u(-3). Suppose -2*h - 14 = -d. Let n(k) = -2*k - 6. Determine n(h).
4
Let j be (8 + -10 - (-4)/1) + 0. Suppose -2*y - j*y = 5*u + 12, -4*u = 0. Let w(q) = q**2 + q - 2. Give w(y).
4
Let u be 5*-2*10/(-20). Let z(m) = -m**2 + 4*m + 9. Let o be z(u). Let i(y) = 3*y - 3. Give i(o).
9
Let h(d) = d**2 - 4*d - 15. Suppose 0 = 3*s + 3*l - 33, 9*s - 7*s + 5*l = 37. Give h(s).
-3
Let l(y) be the third derivative of -1/12*y**4 + 0*y - 14*y**2 - 1/20*y**5 - 1/6*y**3 + 0. What is l(-1)?
-2
Let g(d) = d**3 - d**2 - d. Let m(v) = -v**3 - 3*v**2 - 5*v + 8. Let t(y) = 2*g(y) + m(y). Let o be (-176)/28 + 2/7. Let u be o/(-10) - 54/(-10). Give t(u).
2
Let r = -43 + 127. Let m = r - 79. Let y(k) be the first derivative of -k**2/2 + 11*k + 1. Calculate y(m).
6
Let j be (-6)/((0 + -2)/(-2)). Let a be j + 9 + 2 + 0. Let q(n) = -5*n**2 + 9*n - 7. Let w(b) = 9*b**2 - 17*b + 13. Let z(r) = 7*q(r) + 4*w(r). Calculate z(a).
3
Let x(k) be the third derivative of k**6/120 + k**5/6 - k**4/12 - 7*k**3/3 - 24*k**2. What is x(-10)?
6
Let s(n) = 13*n**2 + 17*n + 4. Let u(d) = -15*d**2 - 19*d - 3. Let y(r) = -7*s(r) - 6*u(r). Calculate y(-4).
-6
Let x be -11 - (-6)/(-12)*-2. Let h(k) = 77*k**2 - k**3 + 14*k - 86*k**2 - 2*k + 14. Determine h(x).
-6
Let h = -54 + 69. Suppose -113*a + h = -108*a. Let j(k) = 6*k - 1. Give j(a).
17
Let j = 17 + -11. Let h = j + -3. Let g(w) be the second derivative of w**4/6 - w**3/3 - 3*w**2/2 - 6*w + 52. Determine g(h).
9
Let c = 43 - 42. Let d(o) = 3*o + 3*o - c - 7*o - 2. Suppose 0 = -3*x + 2*x + 2*z + 4, 5*x - 2*z = -12. Calculate d(x).
1
Let t(v) = 7 - 5*v + 2 + 0*v + 6*v. Give t(-5).
4
Suppose -4*t - 2*u = -u + 38, -2*t - 26 = 4*u. Let q be (-42)/t*(-6)/(-4). Let o(b) = -6*b + 4 + 3*b**2 - q*b**2 + b**3 + b. What is o(5)?
4
Suppose -4*n - n = -20. Let p(w) = -4*w + w**2 - 3 - 3*w + 0*w**2 + n*w. Calculate p(5).
7
Let r(o) be the third derivative of 5*o**2 + 2/3*o**3 + 0*o + 1/24*o**4 + 0. Let m(w) = -2*w - 7. Let j(v) = 4*m(v) + 7*r(v). What is j(-4)?
4
Let a = -122 - -110. Suppose -4 = -2*f - r + 5, -f + r = -12. Let x = f + a. Let k(w) = -w**3 - 5*w**2 + w + 1. What is k(x)?
-4
Let r(c) = -c - 3. Let z = -9 + 30. Let n = z - 27. Give r(n).
3
Let x(j) be the first derivative of 0*j - 3 - 1/3*j**3 - j**2. What is x(-4)?
-8
Let i(d) = d**2 - 10*d + 16. Let w = 303 - 296. Give i(w).
-5
Let l(p) = -4*p. Let z be l(2). Let f(t) = 25*t + 78. Let j(b) = 54*b + 170. Let r(n) = -13*f(n) + 6*j(n). What is r(z)?
14
Let y(u) = -u - 1 + 2 + 5*u - 5*u. Let l(j) = -j**2 - 7*j + 6. Let i(o) = o**2 + 8*o + 5. Let h be i(-6). Let b be l(h). Calculate y(b).
-5
Suppose 4*o - 7 = -3*s, -o - 2*s + 3 = -5. Let m(t) = -2*t**2 - t + 1. Determine m(o).
-5
Let p(s) = s**3 - 4*s**2. Let z be (-2)/(6/(-8) + 1). Let b = z + 12. What is p(b)?
0
Suppose -28*f = -27*f + y, -4*y - 16 = -4*f. Let a(d) = -2*d**2 + 5*d + 2. Give a(f).
4
Let h(c) = c**2 - 3*c + 5. Let u be h(4). Let z(j) = -4*j. Give z(u).
-36
Let x(q) = -4*q + 29. Let r be x(8). Let y(c) = c**3 + c**2 - c - 1. Let j(n) = -n**2 - n. Let s(f) = -3*j(f) + y(f). What is s(r)?
2
Let v be 7 - (-1)/(2/(-4)). Let o(k) = -11*k - 40. Let h(m) = 5*m + 19. Let f(p) = -13*h(p) - 6*o(p). Calculate f(v).
-2
Let k = -155999/120 - -1300. Let m(c) be the third derivative of 2*c**2 - 1/20*c**5 - 1/3*c**3 - k*c**6 + 0 + 1/8*c**4 + 0*c. Determine m(-4).
2
Let t(o) = o + 4*o**2 + 3*o**2 - 220 - o**3 - 224 + 446 - o**2. Give t(6).
8
Let p(d) = 4*d**2 + 3*d - 1. Suppose -4*n - 2 = -6*n. Let q be p(n). Let f(u) = -2 - 4*u + 6*u + q + 0. Determine f(-5).
-6
Let f(j) = -j + j + 12 - 4*j. Let u(r) = -r + 3. Let q(t) = 2*f(t) - 9*u(t). Calculate q(3).
0
Let o(u) be the third derivative of 1/6*u**3 - 5*u**2 + 0*u + 0 - 1/60*u**5 + 0*u**4 - 7/120*u**6. What is o(-1)?
7
Suppose 74 = -10*c + 154. Let h(d) = -d**3 + 7*d**2 + 6*d + 10. Give h(c).
-6
Let y(c) = -c**3 - 5. Let w be y(0). Let i(s) = -11*s**3 + 22*s**2 + 7. Let d(k) = -8*k**3 + 15*k**2 + 5. Let v(p) = -7*d(p) + 5*i(p). What is v(w)?
0
Let x(t) = t**3 - 5*t**2 - 7*t - 4. Let i(s) = 6 + 7*s - 2*s**3 - 10 + 4 - 3*s**2. Let j be i(-3). Give x(j).
-10
Let r(x) be the first derivative of x**4/4 - 4*x**3/3 - 4*x**2 + 5*x - 88. What is r(5)?
-10
Let l(u) be the first derivative of -u**6/120 - u**5/12 + u**4/24 - u**3/3 + 15*u**2/2 - 17. Let z(m) be the second derivative of l(m). Determine z(-5).
-7
Let q(x) = -9*x**2 + 1. Let h be (-34)/(-12) - (-4 - 92/(-24)). Suppose -5*l + 12 = -13. Suppose 4*i + 1 = a, 5 = l*a + 5*i - h*i. What is q(a)?
-8
Suppose 0 = 5*k + 2*x - 7 + 9, k - 6 = -2*x. Let g(i) = 3*i**2 + 4*i + 2. Calculate g(k).
6
Let b = -2 + 4. Suppose 5*r - 4 = 4*i, 2*i = 2*r - b*i - 4. Suppose r*s = 2*y + s, 2*s + 16 = 4*y. Let k(n) = -n**3 + 3*n**2 - n - 2. Give k(y).
0
Let s(k) = k**2 - 4*k + 2. Suppose 4*a - 3 = -3*n - 2*n, 4*a = n + 9. Let u be (-7 + 7)/(-1*a). Suppose -14 = -7*h - u. What is s(h)?
-2
Let p = -10 - -4. Let i = p + 2. Let s(y) be the third derivative of -y**5/60 - y**4/6 + 5*y**3/6 - 2*y**2 + 88*y. Determine s(i).
5
Let k = -100 - -102. Let v(h) = 7*h + k - 8*h - 2. What is v(3)?
-3
Suppose 5*i + 4*g = -132, 6*i - 2*i = 4*g - 84. Let h = 3 - i. Let d be (-6)/h + (-168)/(-27). Let v(b) = b**3 - 7*b**2 + 8*b - 8. What is v(d)?
4
Let v(n) = -16*n - 27. Let r be v(-2). Let i(o) = o**2 - 4*o + 5. Give i(r).
10
Let t = 519 + -514. Let d(i) = i**2 - 3*i - 2. Determine d(t).
8
Let d(n) be the second derivative of 5*n**3/6 - 31*n**2/2 - 596*n. Give d(5).
-6
Let k(r) = 9*r - 36. Let d(c) = -c**3 + c**2 + 11*c - 11. Let x be d(3). Determine k(x).
0
Let z(c) = c**3 + 14*c**2 + 33*c + 8. Let w be z(-11). Let f(x) = x**2 - 4*x + 8. Determine f(w).
40
Let g(j) = -j**3 - 6*j + 2. Let v(p) = 6*p**3 + 14*p**2 + 28*p - 41. Let o(y) = -5*g(y) - v(y). Give o(-14).
3
Let w = -7 - -4. Let h(q) = 2*q**2 + 3 - 5*q - 5 - 7*q**2 + 4*q**2. Let v be h(w). Let s(j) = j**2 - 4*j - 2. Calculate s(v).
-2
Let y(u) be the third derivative of 1/24*u**4 + 9*u**2 + 2/3*u**3 + 0 + 0*u. Determine y(-4).
0
Suppose 0*w - 5*w = 85. Let o be (-1 - 0)*(w - -12). Suppose -m + 5 = o*l, 2*m + 0*m = 4*l - 4. Let t(u) = u**2 - u. Determine t(l).
0
Let h(t) = 15*t**3 - 16*t**3 + 4*t**2 + 5*t - 19522 + 19524. Suppose 0 = -5*k - 8 + 18. Suppose 0 = k*c - c - 5. Determine h(c).
2
Let l(n) = 2*n**2 + 15*n + 13. Let t(s) = -s**2 - 7*s - 6. Let b(q) = -3*l(q) - 7*t(q). Suppose 3*c + 3*x = -24, -c = 3*c - 4*x + 8. Calculate b(c).
8
Let l = -57 + 53. Let q(k) = -3*k - 18. Let h be q(l). Let p(x) = 3*x**2 - 2*x**2 - 2*x**2 + 3 - 4*x. What is p(h)?
-9
Let a(g) = -24*g + 42. Let o(c) = 8*c - 13. Let i(m) = -5*a(m) - 16*o(m). What is i(2)?
-18
Let w(k